t common factor of 5143 and v?
37
Let j be 3388/3*21/2. Let c be 4/(-6) + j/66. Suppose -9*d + 1 = -c. Calculate the greatest common factor of 8 and d.
4
Suppose -5*o - 4*l = -1233, -4*o + 6*l - 5*l = -999. Let v = -202 + o. Calculate the greatest common divisor of v and 329.
47
Let t be (3 + -7 - 10)*-1. Suppose 0 = -6*r - t - 4. Let c be -1*6/(-2) + r + 65. What is the greatest common divisor of c and 26?
13
Let f(p) = p - 19. Let l be f(-3). Let n = 66 + l. Calculate the highest common factor of n and 836.
44
Suppose -3*k = b - 137, 3*k - 134 = b - 5*b. Suppose -298 = -4*s - k. Calculate the highest common divisor of s and 105.
21
Suppose 933 = -10*p + 5453. Calculate the greatest common factor of p and 12.
4
Let q = 145 + -694. Let n = q - -630. What is the greatest common factor of 405 and n?
81
Let o = 99 - 118. Let l = o + -6. Let c be (80/l)/((-2)/5). Calculate the highest common divisor of 32 and c.
8
Let h = 89 + -95. Let z be (-2429)/h + 8*(-9)/(-432). What is the greatest common factor of 45 and z?
45
Let l = -151 + 139. Let a be -4 - ((-4)/l)/(6/(-234)). Calculate the greatest common factor of 3 and a.
3
Let h = -2662 + 5482. What is the greatest common factor of 160 and h?
20
Suppose -2*l - 4*a = -16, 0 = 3*l + 4*a - 64 + 48. Suppose 39*r - 41*r + 770 = l. What is the highest common factor of r and 231?
77
Let z = -19 + 28. Suppose 50*f + 587 = 80*f + 47. What is the greatest common divisor of z and f?
9
Suppose 79*r + 2126 = 15972 + 5667. What is the highest common factor of 57 and r?
19
Suppose -3*j - 6 = 0, 2*j = 4*f - 3*j + 1670. Let v = 526 + f. Let r be 314/2 + (1 - -1). What is the highest common factor of v and r?
53
Suppose 2*n - 7*c = -8*c + 80, -5*n + 2*c + 191 = 0. What is the greatest common divisor of 42 and n?
3
Suppose -g + 10 = 4*c + g, -3*c = 2*g - 6. Suppose -4*b = -c - 60. Suppose 666 = 5*v + 186. What is the greatest common factor of b and v?
16
Let i(y) = 18*y**2 - 3*y - 5. Let f be i(-4). Suppose 35 = -2402*w + 2409*w. Calculate the highest common divisor of w and f.
5
Let c be ((-65)/(-5))/(52/3536). What is the greatest common factor of c and 204?
68
Let q be -1 + -2 + 11/((-88)/(-200)). Suppose -17*p - 50 = -q*p. What is the greatest common divisor of 110 and p?
10
Let a be 3 - 1663*15/(-15). Suppose -6*c + 3*o = -8*c + 181, -176 = -2*c - 4*o. What is the greatest common divisor of c and a?
98
Suppose m - 14 = -2*z - 4*m, 0 = -z + 2*m + 16. Let s be 210/5 + 21 + -15. Calculate the greatest common divisor of s and z.
12
Let g = -1015 - -1027. Suppose 22*u - 21*u = 4. Suppose -n - u*n + 15 = 0. What is the highest common divisor of g and n?
3
Let g be 204/(-9)*60/(-16). Suppose 3*y - 4*q = -5, 4*y - q - 40 = -5*q. Suppose y*u - 95 = -10. Calculate the highest common divisor of u and g.
17
Let p be 295/3 + (-206)/(-309). Let t be 1/3 + 2370/18. Calculate the highest common factor of p and t.
33
Let y = 78 - -1131. Calculate the highest common factor of 186 and y.
93
Let m = -12164 + 12232. What is the greatest common divisor of 6511 and m?
17
Let i(n) = 23*n + 3. Let u be i(1). Suppose -f + u = 24. Let y be 3/(f*-1 + (-145)/(-65)). Calculate the greatest common divisor of 13 and y.
13
Let q(v) = -v + 19. Let x be q(9). Suppose m + 17 + 3 = 5*b, -4*b + 3*m + 16 = 0. What is the highest common factor of x and b?
2
Suppose 10*x - 3*x = -70. Let r be ((-18)/90 - 12/x)*25. Calculate the greatest common divisor of r and 5.
5
Let m be 22107/27*-1 - 2/9. Let g = 974 + m. Calculate the highest common factor of 5 and g.
5
Let z(v) = 6*v**3 + 4*v**2 - 7*v - 21. Let l be z(6). Let y = l - 897. What is the greatest common divisor of y and 64?
32
Suppose -704871 = -266*d + 1272651 - 36786. Calculate the greatest common factor of d and 57.
57
Let j = -9279 - -9315. What is the greatest common factor of j and 126?
18
Let c(n) = -n**3 + 39*n**2 - 86*n + 450. Let h be c(37). Calculate the greatest common factor of 2460 and h.
6
Suppose 18*d - 40686 = 114222. Calculate the greatest common factor of 13 and d.
13
Suppose j = 5*w - 2, -2*w - 4 = -4*j + 60. Suppose 2*l - 3*r = 30, 2*r - 22 = 17*l - j*l. What is the highest common divisor of l and 4?
2
Let k be 6/33 - (-988)/11. Suppose -8*j - 1368 = -2448. Calculate the highest common divisor of k and j.
45
Suppose -8*g = -3*g - 40. Suppose -18 = -3*r - 3*c + 21, 32 = 2*r - c. Let u be 340/6 + (-5 - (-65)/r). Calculate the greatest common factor of u and g.
8
Let c = -3 - -2. Let a = 1052 - 1050. Let o be (a + 5 + -13)/(c/10). What is the greatest common factor of o and 15?
15
Let z(i) = -i**3 + 10*i**2 - 8*i + 12. Let p be z(9). Suppose 5*l - 2*m - 2 = 0, 4*m = -p*l + 16*l + 26. Calculate the highest common factor of l and 26.
2
Let m = -3123 - -4289. Calculate the highest common factor of m and 88.
22
Suppose 15*d = -12*d - 7*d + 11152. Calculate the greatest common factor of 280 and d.
8
Suppose 10*y - 7*y = 291. Let k(b) = -19*b**2 - b + 2. Let h be k(2). Let s = y + h. Calculate the greatest common divisor of 168 and s.
21
Suppose -3868 = -k + 2*z, -2*k - 5*z + 8195 = 504. What is the highest common factor of k and 6?
6
Let q be (-80)/30*9/(-6). Suppose -19*i = -24*i + 4*f + 47, -q*i + 3*f + 38 = 0. Calculate the highest common divisor of 121 and i.
11
Let m(c) = -326*c - 830. Let r be m(-13). Calculate the highest common factor of r and 96.
48
Suppose -80*l - 5*l + 44200 = 0. Calculate the greatest common factor of 208 and l.
104
Suppose -46*z = 1227 - 3711. Suppose 0 = -3*y + 2*x + 26, -6*y + y = -4*x - 40. Calculate the highest common factor of z and y.
6
Let r = -7343 + 9306. Calculate the greatest common factor of r and 755.
151
Let r(t) = t**3 - t**2 - 5*t + 1. Let f be r(4). Suppose 0 = 5*m - 6*m - 2*l + 36, -m + f = -5*l. Calculate the highest common factor of m and 2.
2
Let q(g) = g**2 - 133. Suppose 234 = -23*s + 5*s. Let f be q(s). Calculate the greatest common factor of f and 288.
36
Suppose -106*j = -109*j + 9. Let c be (-905)/(-20) + 5 + j/(-12). Calculate the greatest common divisor of 2 and c.
2
Suppose -10*j = -38393 + 29243. Calculate the highest common factor of j and 60.
15
Let p = 123 + -64. Suppose 30 = a + 3*z, 15*a - 5*z + p = 17*a. Calculate the highest common factor of 135 and a.
27
Suppose 5*k = 26*k - 105. Let l be ((-6)/10 - k/(-50))*-192. Calculate the highest common divisor of 144 and l.
48
Let l(u) = -u + 44. Let w be l(0). Suppose -49*r + 51*r = 108. Suppose -5*f = -18*j + 14*j + r, f = -4*j + 42. What is the greatest common factor of w and j?
11
Let d(q) = 3*q**2 + 360*q - 2164. Let v be d(6). Calculate the greatest common divisor of 17004 and v.
52
Let c(g) = 12*g + 78. Let m be c(-13). Let o = m + 210. What is the greatest common divisor of 44 and o?
44
Suppose -3 = -2*y - 23*w + 18*w, 5*w = y - 9. What is the greatest common divisor of y and 332?
4
Suppose -4*k = 5*s - 335 - 309, 5*k + 123 = s. Suppose 17 + 28 = 5*i. Suppose 43 = i*j - s. Calculate the highest common factor of 209 and j.
19
Let t(u) = u**2 + 89*u + 1689. Let k be t(-121). What is the greatest common divisor of k and 83?
83
Suppose -9003*w + 9001*w = -4304. What is the greatest common factor of w and 3497?
269
Suppose -2*b + 161 = -5*k, -2*k = 5*b + 2*k - 485. Suppose -3*w = -60 - b. What is the greatest common divisor of 119 and w?
17
Let b be -18*((-2)/(-2))/(-1). Suppose 6*n - 103 = 496 + 265. Calculate the greatest common divisor of b and n.
18
Let q = 94 + -87. Let y(s) = -5*s - q + 6 + 14*s + 3. Let f be y(7). Calculate the greatest common divisor of 5 and f.
5
Let k(f) be the second derivative of f**5/20 - 3*f**4/2 - 11*f**3/3 + 81*f**2/2 + 10*f - 5. Let o be k(19). Calculate the greatest common divisor of o and 492.
12
Let z be (-171)/27 - 5/(-15). Let y be ((-8)/z)/((-25)/(-450)). Let v be (-8)/20 + -3 + (-77)/(-5). What is the greatest common divisor of y and v?
12
Suppose 4*i + 5*k + 2496 = 5*i, 2*i - 5*k - 4992 = 0. Suppose 16*q + 32*q - i = 0. Calculate the greatest common factor of 20 and q.
4
Let s be (-1083)/(-15) + -2 + 6*4/(-120). Calculate the greatest common factor of 1694 and s.
14
Let p = -102 + 249. Let y = p - 86. What is the highest common factor of y and 305?
61
Let a(y) = y - 12. Let w be a(13). Let s = 1 - w. Suppose -5*u + 3*j + 29 = s, -u